remainder when 2985 is divided by 755?
720
What is the remainder when 12525 is divided by 140?
65
What is the remainder when 29797 is divided by 1356?
1321
Calculate the remainder when 1085 is divided by 1026.
59
What is the remainder when 2896794 is divided by 31?
30
Calculate the remainder when 568 is divided by 434.
134
Calculate the remainder when 55263 is divided by 35.
33
What is the remainder when 3988 is divided by 1881?
226
Calculate the remainder when 125651 is divided by 22.
9
Calculate the remainder when 29434 is divided by 669.
667
Calculate the remainder when 10323 is divided by 1030.
23
What is the remainder when 4468 is divided by 903?
856
What is the remainder when 939798 is divided by 93977?
28
What is the remainder when 25706 is divided by 8469?
299
What is the remainder when 54658 is divided by 18189?
91
What is the remainder when 103163 is divided by 35?
18
Calculate the remainder when 43417 is divided by 326.
59
Calculate the remainder when 14279 is divided by 19.
10
Calculate the remainder when 2824 is divided by 2809.
15
What is the remainder when 10710 is divided by 403?
232
What is the remainder when 9751 is divided by 1475?
901
What is the remainder when 13788 is divided by 336?
12
What is the remainder when 6638 is divided by 156?
86
What is the remainder when 5966 is divided by 102?
50
Calculate the remainder when 3155 is divided by 399.
362
Calculate the remainder when 2588 is divided by 574.
292
What is the remainder when 32600 is divided by 12?
8
What is the remainder when 67492 is divided by 138?
10
Calculate the remainder when 774627 is divided by 52.
35
Calculate the remainder when 20265 is divided by 1855.
1715
What is the remainder when 25659 is divided by 59?
53
Calculate the remainder when 12621 is divided by 435.
6
What is the remainder when 4231247 is divided by 343?
342
Calculate the remainder when 1475 is divided by 488.
11
Calculate the remainder when 2195 is divided by 677.
164
Calculate the remainder when 5397 is divided by 1554.
735
Calculate the remainder when 1186 is divided by 236.
6
Calculate the remainder when 1837 is divided by 655.
527
Calculate the remainder when 1017932 is divided by 1322.
1314
Calculate the remainder when 2898 is divided by 19.
10
What is the remainder when 4070 is divided by 629?
296
What is the remainder when 330848 is divided by 21?
14
What is the remainder when 172691 is divided by 78?
77
Calculate the remainder when 18810 is divided by 8.
2
Calculate the remainder when 3807 is divided by 1219.
150
What is the remainder when 3277 is divided by 205?
202
What is the remainder when 24845 is divided by 2255?
40
Calculate the remainder when 4923 is divided by 85.
78
Calculate the remainder when 1307432 is divided by 986.
982
What is the remainder when 14800 is divided by 4918?
46
What is the remainder when 4384 is divided by 1610?
1164
Calculate the remainder when 141029 is divided by 20.
9
Calculate the remainder when 97918 is divided by 576.
574
Calculate the remainder when 2082 is divided by 44.
14
Calculate the remainder when 1426 is divided by 200.
26
What is the remainder when 52604 is divided by 835?
834
What is the remainder when 145056 is divided by 4?
0
What is the remainder when 372 is divided by 150?
72
Calculate the remainder when 235657 is divided by 10.
7
What is the remainder when 27781 is divided by 994?
943
What is the remainder when 29254 is divided by 424?
422
What is the remainder when 137694 is divided by 46?
16
What is the remainder when 131610 is divided by 43860?
30
What is the remainder when 469875 is divided by 22?
21
Calculate the remainder when 4716 is divided by 1567.
15
What is the remainder when 64081 is divided by 123?
121
Calculate the remainder when 38916 is divided by 319.
317
What is the remainder when 8945 is divided by 530?
465
Calculate the remainder when 1517 is divided by 99.
32
What is the remainder when 16737 is divided by 240?
177
What is the remainder when 335295 is divided by 174?
171
Calculate the remainder when 811 is divided by 132.
19
What is the remainder when 481402 is divided by 154?
152
Calculate the remainder when 1525 is divided by 127.
1
What is the remainder when 823965 is divided by 274651?
12
Calculate the remainder when 554 is divided by 47.
37
What is the remainder when 65245 is divided by 278?
193
What is the remainder when 8784 is divided by 236?
52
Calculate the remainder when 197890 is divided by 3.
1
Calculate the remainder when 38943 is divided by 38708.
235
What is the remainder when 30551 is divided by 364?
339
Calculate the remainder when 240856 is divided by 96.
88
What is the remainder when 318194 is divided by 328?
34
What is the remainder when 3926 is divided by 230?
16
What is the remainder when 18017 is divided by 497?
125
What is the remainder when 11339 is divided by 125?
89
What is the remainder when 1466171 is divided by 1466168?
3
What is the remainder when 38191 is divided by 202?
13
Calculate the remainder when 4855 is divided by 1183.
123
What is the remainder when 31193 is divided by 441?
323
What is the remainder when 14487 is divided by 918?
717
Calculate the remainder when 808999 is divided by 40.
39
What is the remainder when 8104 is divided by 207?
31
Calculate the remainder when 5583 is divided by 119.
109
What is the remainder when 220653 is divided by 236?
229
Calculate the remainder when 416 is divided by 200.
16
Calculate the remainder when 258458 is divided by 5274.
32
Calculate the remainder when 3181 is divided by 55.
46
What is the remainder when 47534 is divided by 15761?
251
What is the remainder when 29286 is divided by 49?
33
What is the remainder when 69967 is divided by 59?
52
Calculate the remainder when 3036 is divided by 3028.
8
Calculate the remainder when 27124 is divided by 121.
20
Calculate the remainder when 4492 is divided by 165.
37
What is the remainder when 222659 is divided by 13912?
67
Calculate the remainder when 288143 is divided by 72030.
23
Calculate the remainder when 128915 is divided by 6784.
19
What is the remainder when 20212 is divided by 294?
220
What is the remainder when 2633 is divided by 242?
213
What is the remainder when 2985 is divided by 61?
57
What is the remainder when 1099 is divided by 164?
115
What is the remainder when 2002 is divided by 498?
10
What is the remainder when 3242 is divided by 925?
467
What is the remainder when 425 is divided by 136?
17
What is the remainder when 24530 is divided by 94?
90
What is the remainder when 2443 is divided by 802?
37
What is the remainder when 1182 is divided by 145?
22
What is the remainder when 2164 is divided by 1271?
893
Calculate the remainder when 2488650 is divided by 22.
10
Calculate the remainder when 303119 is divided by 166.
3
What is the remainder when 130110 is divided by 79?
76
What is the remainder when 127552 is divided by 42406?
334
What is the remainder when 861 is divided by 185?
121
Calculate the remainder when 2363 is divided by 235.
13
What is the remainder when 9616 is divided by 370?
366
What is the remainder when 28747 is divided by 56?
19
What is the remainder when 2081 is divided by 360?
281
What is the remainder when 1280449 is divided by 116404?
5
What is the remainder when 2027 is divided by 145?
142
Calculate the remainder when 167264 is divided by 849.
11
Calculate the remainder when 4765 is divided by 26.
7
Calculate the remainder when 2650 is divided by 376.
18
What is the remainder when 2123516 is divided by 16?
12
Calculate the remainder when 22077 is divided by 368.
365
What is the remainder when 126269 is divided by 138?
137
What is the remainder when 69045 is divided by 29?
25
Calculate the remainder when 42394 is divided by 461.
443
What is the remainder when 5891 is divided by 454?
443
What is the remainder when 386781 is divided by 96?
93
What is the remainder when 1872 is divided by 29?
16
Calculate the remainder when 8204 is divided by 24.
20
Calculate the remainder when 274787 is divided by 10.
7
Calculate the remainder when 26347 is divided by 170.
167
Calculate the remainder when 806124 is divided by 6.
0
Calculate the remainder when 7244 is divided by 1811.
0
What is the remainder when 22307 is divided by 2027?
10
What is the remainder 